) - -1. Calculate the highest common factor of j and 11.
11
Suppose -4*d - 4*i = -32, 2*i = -d + 4*i - 4. Suppose 4*q - a = d*a - 33, 4*q - 7 = -3*a. Let s be 60/(-1 + q)*-2. What is the highest common factor of s and 5?
5
Let q(o) = -o - 9. Let s be q(-9). Suppose s*u = m + 3*u - 6, 3*m - u = 18. What is the highest common divisor of 24 and m?
6
Let h(y) = -4*y + 34. Let n be h(-14). What is the highest common divisor of 36 and n?
18
Let v(o) = 2*o - 8. Let a(h) = -h + 1. Let l(k) = 4*a(k) + v(k). Let z be l(-10). What is the greatest common factor of 8 and z?
8
Suppose 51 - 18 = m. Calculate the highest common factor of m and 11.
11
Let r be 4/(-2) + 9 + 39. Calculate the greatest common divisor of r and 414.
46
Suppose 4*w - 8 = 28. Calculate the greatest common factor of 72 and w.
9
Suppose -4*r = -4*l + 24, -4*l + 24 = -r - r. Let a be (-115)/4 + 6/(-24). Let h be (l/3)/(-2) - a. Calculate the highest common factor of 4 and h.
4
Let v be -1 - -2 - (-6 - 2). Calculate the greatest common divisor of 3 and v.
3
Let u be (-57)/2*12/(-9). What is the highest common factor of 95 and u?
19
Suppose v + 354 = 7*v. Let g = -19 + v. What is the greatest common factor of g and 16?
8
Let n = -27 - -40. What is the highest common divisor of 13 and n?
13
Suppose 2*a + 20 = 2*h, 4*h + 0*h = 3*a + 35. Suppose -5*q + 223 = -2*z, 42 = -q + 2*q - 3*z. What is the highest common factor of q and h?
5
Let f = -21 + 136. Calculate the highest common divisor of 23 and f.
23
Suppose 0 = 6*r - 60 - 36. Calculate the highest common factor of r and 8.
8
Let c(z) = -z**2 - z + 24. Let q be c(-5). Let d be 0*1*1/(-2). Suppose d = -l - q*l + 190. Calculate the greatest common divisor of l and 95.
19
Suppose o - 57 = -2*a, -35 - 100 = -4*a + 5*o. Calculate the highest common factor of 12 and a.
6
Let f be (108/(-15))/((-9)/510). Suppose 3*l - 1131 + f = 0. Suppose -91 = 3*t - l. Calculate the highest common factor of 75 and t.
25
Let a(q) = 111*q**2 + 2*q - 1. Let k be a(1). Let r(l) = l**3 - 16*l**2 + 14. Let o be r(16). What is the greatest common factor of k and o?
14
Let x be (-2)/4*24/(-4). Suppose r + 3*i - 46 = -3*r, 0 = -3*r - x*i + 36. What is the greatest common divisor of 10 and r?
10
Let g(y) = -9*y - 39. Let v be g(-5). Calculate the highest common divisor of 150 and v.
6
Suppose -5*h = -h - 588. Suppose 3*z = -3*m + 2*z + 111, -4*m = z - h. Suppose -48 = -0*n - 2*n. Calculate the highest common factor of m and n.
12
Let w(g) = 0*g - g**2 + g + 5*g - 6. Let t be w(4). Let d be 2/t*86 + 2. What is the greatest common factor of d and 8?
8
Suppose -4*k - 2 = -2*z, -z + 10 + 16 = 3*k. Calculate the highest common divisor of z and 11.
11
Let m(f) = -3*f + 14. Let u be m(-7). Calculate the greatest common divisor of 140 and u.
35
Let v be 20/3 + (-2)/3. Let x(f) = -f + 11. Let z be x(v). Let s be (-377)/(-3) + z/15. Calculate the greatest common factor of s and 14.
14
Let w = -13 + 16. Let n(y) = y**2 + 3*y - 1. Let t be n(w). What is the highest common divisor of 17 and t?
17
Suppose -12 = -4*n + 20. Let p be (76/n)/((-1)/(-2)). What is the highest common divisor of 171 and p?
19
Suppose -10*t - 18 + 228 = 0. Calculate the highest common divisor of t and 147.
21
Let o(k) = -k**2 - 5*k + 9. Let u be -7 - (2/2)/1. Let c be o(u). Let w = c + 27. Calculate the greatest common divisor of 36 and w.
12
Let b(c) = -c - 10. Let q be b(-10). Suppose q = -4*s + 4*m + 44, 2*s + m - 2*m = 23. Calculate the highest common divisor of 24 and s.
12
Let a(g) = 9*g**2 - g - 1. Let s be a(2). What is the greatest common factor of s and 11?
11
Let h(a) = a**3 + 4*a**2 - 3. Let i be h(-2). Let o(y) = -y**3 - 7*y**2 - 2*y - 4. Let p be o(-7). Calculate the greatest common divisor of p and i.
5
Let p(o) = 2*o**2 + o - 4. Let d be p(3). Calculate the highest common divisor of 187 and d.
17
Suppose 0 = -3*d + 5*d - 38. Let v be 1*(-2 + (43 - 3)). Calculate the greatest common factor of v and d.
19
Suppose -7*b + 2 = -47. Let m(d) = d**3 - 6*d**2 + 2*d - 5. Let f be m(6). Calculate the greatest common factor of b and f.
7
Let b = -6 - -9. Calculate the highest common divisor of 3 and b.
3
Let u(c) = 38*c**3 - c**2 - c + 1. Let a be u(1). Calculate the greatest common factor of 185 and a.
37
Let k be (4/(-5))/((-2)/10). Let x = 0 - -10. Suppose k*s - 6 = x. Calculate the greatest common factor of 1 and s.
1
Suppose -6 = -4*o + 2. Suppose h = o*h - 21. Calculate the highest common divisor of h and 14.
7
Let j(l) = l**2 + 4*l - 22. Let v be j(7). Calculate the greatest common factor of v and 5.
5
Let c be (-5)/(5/2) + 1. Let h = 3 + c. Let n be (-1)/((-465)/231 + h). Calculate the highest common divisor of 11 and n.
11
Let w = -95 - -40. Let s = w + 146. Let g = 33 - 20. What is the greatest common factor of g and s?
13
Suppose 3*v = -2*f + 354, -3*v = -7*v - 8. Calculate the greatest common factor of 20 and f.
20
Let j(q) = -q**2 - 7*q + 1. Let f be j(-8). Let x be 2/f + 3600/56. What is the highest common divisor of x and 8?
8
Suppose -50 + 176 = 3*k. What is the highest common factor of k and 294?
42
Let a(x) = x**3 + 10*x**2 + 9*x + 4. Let c be a(-9). Suppose -c = -5*s + 2*r + 9, r = -4*s. What is the highest common factor of 11 and s?
1
Let t be -1 + (-2)/(4/(-6)). Let w be 4/18 + 284/18. What is the highest common divisor of w and t?
2
Let i = -10 - -18. Suppose -4*w = -i*w - 288. Let f = w + 112. Calculate the greatest common factor of f and 16.
8
Suppose -9*i + 5*i + 1424 = 0. Suppose -5*n + i = -4*y, -2*n + 143 = 4*y - 5*y. Suppose 0 = 2*f - 3 - 13. Calculate the highest common divisor of n and f.
8
Let j = 49 + -28. Suppose -j = -4*z - 1. Suppose z = 2*r + 2*x - 33, -48 = -4*r + 3*x. Calculate the highest common divisor of r and 165.
15
Let s = 3 - -19. Let m(z) = -z**3 + 5*z**2 + 3*z - 4. Let f be m(5). What is the highest common factor of f and s?
11
Suppose 0 = -2*z + v + 20, -24 = -z - v + 5*v. Let c = 1 + z. Let l be (83 + -2)/(1 + 0). What is the highest common factor of c and l?
9
Let q = -2 + 4. Let u(j) = 6*j**2 - 2*j + 3. Let f be u(q). What is the highest common divisor of f and 23?
23
Suppose 3*v + 2*q - 2 = -0, 5*v - 2*q - 14 = 0. Suppose 64 = -10*k + 14*k. What is the highest common divisor of k and v?
2
Suppose 4*f - 879 = -367. Let j be 1 - ((3 - 4) + -14). Calculate the greatest common factor of f and j.
16
Let d = 54 - 22. What is the highest common factor of d and 8?
8
Let m(z) = z**3 - 4*z**2 - 3. Let c be m(6). Calculate the highest common divisor of c and 46.
23
Suppose -2*x + 42 = -248. Suppose 3*a - x = 23. Calculate the highest common divisor of a and 7.
7
Let v be 28/(-3)*(1 + -4). Suppose -o - 112 = -5*g + 133, 0 = -2*g + 3*o + 111. Let y = g - v. Calculate the greatest common divisor of 100 and y.
20
Let y = 32 - 20. Calculate the greatest common divisor of 24 and y.
12
Suppose -3*t - 4*m = -9, 2*t = 3*m - 2*m + 17. Let v be ((-4)/(-5))/((-1)/(-5)). Let f be v/8 + (-222)/(-4). Calculate the highest common divisor of t and f.
7
Let p(h) = h**3 - h**2 - h + 9. Suppose -3*d = 5 + 1. Let w be 4/(-6) - d/3. Let m be p(w). Calculate the greatest common factor of 1 and m.
1
Let x be (-83)/(-3) - (1 + (-36)/27). Calculate the greatest common divisor of x and 12.
4
Let c = 5 + 5. Suppose 4*k - c - 22 = 0. Let n = 187 - 131. Calculate the greatest common divisor of n and k.
8
Let s = -10 - -1. Let a = 22 + s. What is the greatest common factor of a and 52?
13
Let y = 6 - 2. Suppose -13 = 2*q + 5*h, -y*q + 8*q + 2*h = 14. What is the highest common divisor of q and 66?
6
Suppose 8*g + 172 = 532. What is the greatest common divisor of 15 and g?
15
Let k be ((-3)/6)/(6/(-1044)). What is the highest common divisor of 116 and k?
29
Let q(l) = l + 20. Let m be q(-14). What is the greatest common factor of m and 24?
6
Suppose -5*i = i - 120. Calculate the highest common divisor of 100 and i.
20
Let r(n) = -4*n**2 - 5 + 11*n**2 + n + n**3 - 2*n. Let d be r(-7). Calculate the highest common factor of 18 and d.
2
Let c = -1 - -1. Suppose p - 30 = -3*y, -3*y + 21 = -c*p + 4*p. Calculate the highest common factor of y and 11.
11
Suppose -f = f - 4*y - 4, 0 = f + 4*y + 4. Suppose 4*n = -f*q + 5*q - 16, -3*q - 5*n - 20 = 0. Let l = 1 - q. Calculate the greatest common divis